8*n - 11/12*n**4 - 1/6*n**3 - 1/20*n**o + 0 - 7*n**2. Determine q(-11).
-3
Let j(x) be the second derivative of -x**4/4 - x**3/6 + 5*x**2/2 - 364*x - 5. Calculate j(2).
-9
Let x(n) = 3*n**2 - 3*n + 58. Let m(f) = -16*f**2 + 8*f - 291. Let q(c) = 2*m(c) + 11*x(c). Determine q(12).
-4
Let w(m) be the third derivative of m**4/8 + 5*m**3/6 - 338*m**2 - 1. Suppose -t - 25 = -2*t - 4*b, -3*b - 5 = -4*t. Determine w(t).
20
Suppose 11 = 3*s - 2*s. Let j(z) = 4*z**2 + 10*z**3 + z - s*z**2 + 6*z**2 + z**3. Let m be (-2 - 0)*(-15 + 22)/(-14). Determine j(m).
11
Suppose b - 14 = -2*t - 3*b, -3*b = 3*t - 12. Let z(u) = -35*u + 34. Let v be z(t). Let j(w) = 15*w**3 - w**2 - w. Calculate j(v).
-15
Let i(n) = n**2 - 21*n - 14. Let c(z) = -z**2 - 253*z - 2177. Let y be c(-9). Determine i(y).
-52
Let d(w) = w**2 - 5*w + 2. Let q(j) = j**2 + 4*j + 2. Suppose -5*o = 35 - 10. Let x be q(o). Determine d(x).
16
Suppose -2*l = 2*a - 6, 4*a = -l + 74 - 44. Let x(u) = u**3 + 5*u**2 + 9*u - 14. Determine x(l).
-104
Let l(j) = j**3 - j**2 + j + 9. Suppose 4*m - 27 + 15 = 0. Suppose m = w + 3. Let g be ((w - 1) + 1)*(-53)/106. Give l(g).
9
Let h(a) = 13*a - 2. Let d = -6041 + 6044. What is h(d)?
37
Let q(x) be the second derivative of -x**4/12 - 7*x**3/6 + 13*x**2/2 + 11*x. Let m be q(-8). Suppose i - 30 = -m*i. Let s(d) = -d**2 + 8*d + 4. Determine s(i).
19
Let i(m) be the second derivative of m**5/60 + 11*m**4/24 + 13*m**3/6 + 163*m**2/2 + 272*m. Let y(p) be the first derivative of i(p). Give y(-10).
3
Let i(k) be the first derivative of 3*k**4/4 - 65*k**3/3 - 23*k**2/2 - 6*k + 98. Calculate i(22).
-28
Suppose 2*u = 7*u + 40. Let y(h) = 16*h**3 + 11*h**3 - h**2 + 11*h**3 - 10*h - 37*h**3 + 8*h**2 - 12. Give y(u).
4
Let j(o) = -o + 2. Suppose 12*y - 12*y = -9*y. Suppose d + 2*b + 3*b - 25 = y, -5*d = -3*b + 15. Give j(d).
2
Let k(x) = x. Let l(b) = b. Let i(c) = 4*k(c) - 5*l(c). Let z(r) = -r**3 - 13*r**2 + 2*r - 26. Let d be z(-13). Let s = d + 60. Give i(s).
-8
Let q(u) be the second derivative of 5*u**3/3 + 16*u**2 - 1293*u. What is q(-8)?
-48
Let z(h) = 89*h**3 - 4*h**2 + 5*h - 271*h**3 + 95*h**3 + 37 + 86*h**3 - 36. Suppose 3*b + 4 + 11 = 0. What is z(b)?
1
Let u(m) = 134173*m - 9 - 3*m**2 - 67078*m - 67085*m. Calculate u(1).
-2
Suppose -5*r = -5*h + 22 - 7, -8 = 2*r - h. Let z(d) be the first derivative of 6 + 2*d**2 + 1/4*d**4 + 7*d + 2*d**3. Give z(r).
12
Let c(t) = -4*t**2 + 2*t. Let f(g) = 10*g**2 - 4*g. Let z(y) = 6*c(y) + 3*f(y). Let v = 25 - 17. Suppose -5*d + 3 = v. Give z(d).
6
Suppose n + 4*i = 145, -6*n + 10*n - 3*i = 599. Let u = -145 + n. Let v(b) = 4 - 7 + 3*b + 0 - 2*b. Determine v(u).
1
Let u(g) be the first derivative of 2*g**3 + g**2/2 + 1. Let q(a) = a**3 + 19*a**2 + 34*a - 1. Let i = 358 - 375. Let j be q(i). Give u(j).
5
Let q(r) = -9 - 1332*r + 35 + 1338*r + 22. What is q(-4)?
24
Let y(h) = -3*h**2 - h + 1. Let b be ((-104)/(-48))/13*6. Let l(k) = -7*k**2 + 10*k - 18. Let j(c) = b*l(c) - 2*y(c). What is j(10)?
0
Let n(y) = 3*y**2 - y - 2. Let l be n(-1). Let t(p) = -6*p**2 + p + p - 5*p + l*p. Determine t(-1).
-5
Let z(d) = -677*d - 3380. Let y be z(-5). Let i(w) = 3*w**2 - 3*w - 7. Determine i(y).
53
Let l be 4/6 - (-11 - -24 - 13). Let f(g) be the third derivative of 0 - l*g**3 + 0*g - 1/24*g**4 - 27*g**2. What is f(-7)?
3
Let t(v) = -8*v - 280. Let a be t(-35). Let s(w) = 9 + a*w - w - 32 + 2*w + 15. Determine s(-7).
-15
Suppose 8*y + 8*y - 2*y = -56. Let r(j) = -j**3 - 5*j**2 - 2*j. What is r(y)?
-8
Let x(w) = -3*w**2 + 16*w - 9. Let t = 6569 - 6565. What is x(t)?
7
Let s(v) be the second derivative of 7*v**5/20 - v**3/3 + v**2/2 + 10*v + 1. Let x = -78 - -56. Let n be ((-11)/x)/(1/2). Calculate s(n).
6
Let f(b) = 57 + 86 + 9*b + 6*b - 24 - 19. Give f(-7).
-5
Let t(g) = 2*g**2 - 40*g - 29. Let j(c) = -3*c**2 + 59*c + 43. Let v(y) = 5*j(y) + 7*t(y). Calculate v(10).
62
Suppose -104*v + 1182 = 213*v + 40*v + 37*v. Let q(y) be the second derivative of y**4/12 - y**3/2 + y**2 - y. Give q(v).
2
Let i(x) be the third derivative of 0*x + 48*x**2 - 1/8*x**4 + 0 + 1/6*x**3 + 1/15*x**5. Determine i(2).
11
Let b(m) be the third derivative of -1/6*m**3 - 25 + 1/24*m**4 - m**2 + 0*m. Determine b(7).
6
Let d(t) = 4*t + 118. Let k be d(-32). Let y(g) = g**2 + 12*g + 22. Give y(k).
2
Let d(s) be the first derivative of -s**4/4 - 16*s**3/3 - 12*s**2 + 63*s - 4837. Calculate d(-14).
7
Let k(y) = -2*y**2 - 6*y + 30. Let x(t) be the second derivative of t**4/12 + 2*t**3/3 - 15*t**2/2 + 90*t. Let q(u) = 3*k(u) + 7*x(u). Calculate q(-12).
9
Let m(u) be the third derivative of u**5/60 + 7*u**4/12 - 10*u**3/3 + 169*u**2 - 2*u. Give m(-14).
-20
Let u be -6*(1 - 35/30). Let n be ((-266)/(-95))/(3/(-5) + u). Let g(o) = o**2 - 7*o + 1. What is g(n)?
1
Let v(m) = m. Let c(l) = 2*l + 15. Let w be c(-6). Suppose k - 59 = 3*f, -4 - 2 = -w*k. Let g = f - -18. Determine v(g).
-1
Let w be (-1)/(4/(-4)) - -1. Let t(m) = 3 + 5 - 3 + m**w + 1 - 7*m. Suppose 71*a = 111*a - 320. Calculate t(a).
14
Let u(x) be the second derivative of -5/2*x**2 - 7/6*x**3 + 18*x + 0 + 1/12*x**4. Suppose -n + 18 = -4*r, 8*r = -n + 3*r - 9. Give u(n).
-11
Let d = 806 - 804. Suppose 0 = h + 8 - 6, -d*a + h = 0. Let y(c) = 5*c - 2. Determine y(a).
-7
Let s = 35 - 22. Let z(o) = -3*o + 2 + 2*o**3 - s*o**2 + 0*o**3 - 11*o**2 + 23*o**2. Give z(2).
8
Let i(a) = -a**2 + 10*a + 3. Let p be (-195)/(-30) + -4 + 18/4. What is i(p)?
24
Suppose 2*d = -4, 0 = -5*t + 2*t - d + 13. Suppose t*v = 8*v + 6. Let z be v/(((-8)/(-16))/(10/(-8))). Let g(a) = -2*a + 12. Give g(z).
2
Let s(c) = -2*c**3 - 3*c**2 - c - 8. Let l = -23030 + 23026. Give s(l).
76
Let c(i) = 1 - 13*i - 7 - 7*i + 23*i. Determine c(21).
57
Let l = 24 + -56. Let b be ((-198)/42 - -5) + l/14. Let j(w) = 3*w + 3. Calculate j(b).
-3
Let l(j) = 8*j**3 - 13*j**2 - 4*j - 23. Let o(h) = -7*h**3 + 12*h**2 + 4*h + 22. Let d(k) = -6*l(k) - 7*o(k). What is d(7)?
5
Suppose 4*j + 2*y = -22, j + 3*y = -3*j - 21. Let h(g) = 169*g - 1 + 130*g + 159*g - 461*g. Calculate h(j).
17
Let p(k) be the third derivative of -k**4/8 + 5*k**3/6 + 57*k**2 - 3. Suppose 2*w = 0, w + w = 5*i - 30. Calculate p(i).
-13
Let l(g) = 2*g**2 - 6*g - 8 + 8. Let j(p) = -65 - 20*p + 14*p + 11*p. Let t be j(14). Calculate l(t).
20
Let b(q) = 12768018 - 12767983 - 12*q**2 - 15*q - 20*q - 2*q**2 + q**3. What is b(16)?
-13
Let r(h) be the second derivative of h**3 - 8*h**2 - 400*h. Give r(-9).
-70
Suppose 5*p - 5*b = 0, 0 = 6*p - 2*p - 3*b - 3. Suppose p*h - 16 = -2*f, 10 = f + 2*h - 0. Let q(o) = 6*o**2 - 6*o**f - 3*o**2 + 10 - 6*o + 2*o**2. Give q(-8).
-6
Let p = 669 + -664. Let j be (3/12)/(p/4 + -1). Let z(r) = 11*r**3 + 1. What is z(j)?
12
Let m(t) = 8*t - 133. Let o be m(17). Let a(h) be the third derivative of -h**4/6 + 7*h**3/6 - 83*h**2. Determine a(o).
-5
Let y(m) = -152 + 2*m**2 - 154 - 4*m + 10*m**2 + 307. What is y(-1)?
17
Let x(n) be the third derivative of n**7/840 - n**6/40 + 3*n**5/40 + n**4/24 - 91*n**3/6 - 7*n**2 - 7*n. Let t(h) be the first derivative of x(h). Give t(8).
9
Let k(q) = -q**2 - 24*q + 350. Let j be k(10). Let o = 14 - 7. Let x(h) = h**3 + 0*h - 6 + 11*h - o - 11*h**2. Give x(j).
-3
Let f be (-1)/((-1)/3) + -2. Let v = -599 + 601. Let o(s) = 2 + 8 - 9 + 25*s**v - 2*s - 18*s**2. Calculate o(f).
6
Suppose -m = 3*l - 6, 18 = 3*m + 5*l - l. Let h(t) = 67*t**2 - t - 36*t**2 + m*t + 2 - 30*t**2. Calculate h(-5).
2
Let a(d) = -19973*d**2 + 1 + 12*d + 15 + 19974*d**2. Determine a(-7).
-19
Let p(u) = 11 + 13 + 2 + u - 6. Give p(-10).
10
Let y(w) = -124 - 16*w**3 - 15*w**2 - 41 + 10*w**2 + 17*w**3 + 6*w**2. What is y(0)?
-165
Let n(p) = -168*p - 325. Let l be n(-2). Let i(q) = q**3 - 11*q**2 - 10*q + 104. What is i(l)?
-6
Let j(z) = -3*z**3 + 299*z**2 + 174*z - 7410. Let f be j(100). Let x(p) = -p**2 + 2*p**2 + 3 + 11*p + 3. Determine x(f).
-4
Let n(y) = 2*y - 71 + 74 - 7*y. Suppose 3*z + 17 = 2*l - 7, -3*z = -4*l + 36. Determine n(l).
-27
Let y(v) = -v + 5. Let u be -2 + 3*(1544/12 + 3). Let b = u + -387. What is y(b)?
-1
Let n(y) = 70 - 44*y - 43*y - 19*y - 40*y + 145*y. Give n(-14).
84
Let s(n) be the third derivative of -1/12*n**4 + 0 + 66*n**2 - 2/3*n**3 + 0*n + 1/60*n**5. Let j(c) = -c**2 + 4. Let p be j(0). Calculate s(p).
4
Let p(o) = 8*o - 5. Let j(y) = -10*y